, 71, 3517
What are the prime factors of 352577374?
2, 179, 984853
List the prime factors of 242377745.
5, 53, 743, 1231
What are the prime factors of 1009898?
2, 43, 11743
List the prime factors of 6988416479.
11, 523, 1214743
What are the prime factors of 29678602?
2, 23, 645187
What are the prime factors of 1429034543?
293, 4877251
What are the prime factors of 53495341?
53495341
List the prime factors of 17726965.
5, 41, 43, 2011
List the prime factors of 2939559957.
3, 797, 136603
What are the prime factors of 51248939?
7, 7321277
What are the prime factors of 335599495?
5, 7, 11, 871687
What are the prime factors of 43052809?
1087, 39607
List the prime factors of 714039225.
3, 5, 9520523
List the prime factors of 30749025.
3, 5, 409987
What are the prime factors of 112424005?
5, 22484801
List the prime factors of 208729317.
3, 53, 647, 2029
List the prime factors of 492794512.
2, 7, 397, 11083
What are the prime factors of 8437304?
2, 17, 62039
List the prime factors of 1477968.
2, 3, 41, 751
What are the prime factors of 7803216?
2, 3, 223
What are the prime factors of 870054557?
23, 107, 349, 1013
List the prime factors of 2530519934.
2, 1265259967
List the prime factors of 131644293.
3, 11, 19, 209959
List the prime factors of 1072543533.
3, 743, 481177
What are the prime factors of 7642203?
3, 311, 8191
List the prime factors of 31883324.
2, 11, 724621
What are the prime factors of 403910191?
17, 31, 53, 14461
What are the prime factors of 57726897?
3, 19242299
List the prime factors of 2020902183.
3, 17, 31, 109, 1303
What are the prime factors of 1879998667?
107, 17570081
What are the prime factors of 892484984?
2, 163, 383, 1787
List the prime factors of 33897826.
2, 16948913
What are the prime factors of 26632410?
2, 3, 5, 7, 31, 4091
List the prime factors of 121333007.
5009, 24223
List the prime factors of 55716207.
3, 31, 173, 3463
List the prime factors of 318950473.
19, 16786867
What are the prime factors of 3654297831?
3, 1218099277
What are the prime factors of 420344548?
2, 13, 109, 74161
What are the prime factors of 5093748615?
3, 5, 401, 846841
List the prime factors of 1074580884.
2, 3, 13, 23, 107, 311
What are the prime factors of 758415770?
2, 5, 7, 10834511
List the prime factors of 377959787.
377959787
What are the prime factors of 25384948?
2, 6346237
List the prime factors of 51052907.
467, 109321
What are the prime factors of 2709044290?
2, 5, 43, 6300103
List the prime factors of 141998804.
2, 1877, 18913
List the prime factors of 200941172.
2, 1801, 27893
List the prime factors of 13705306.
2, 6852653
What are the prime factors of 321462908?
2, 13, 127, 48677
List the prime factors of 2323752957.
3, 3559, 72547
What are the prime factors of 2465730435?
3, 5, 7, 1877, 12511
What are the prime factors of 6178829?
1051, 5879
What are the prime factors of 45599267?
7, 541, 12041
List the prime factors of 123977919.
3, 13, 337, 9433
What are the prime factors of 2727697280?
2, 5, 7, 11, 55351
List the prime factors of 150000608.
2, 4687519
What are the prime factors of 2789721684?
2, 3, 137, 565637
What are the prime factors of 700749203?
7, 11, 19, 31, 15451
List the prime factors of 833040266.
2, 23, 131, 138241
What are the prime factors of 601423441?
601423441
List the prime factors of 4160279126.
2, 2080139563
What are the prime factors of 126577092?
2, 3, 31, 340261
List the prime factors of 11652858.
2, 3, 7, 23, 4021
What are the prime factors of 46977247?
23, 2042489
What are the prime factors of 22561218?
2, 3, 1253401
What are the prime factors of 769060588?
2, 349, 550903
List the prime factors of 164579525.
5, 11, 61, 9811
List the prime factors of 379520995.
5, 7, 10843457
What are the prime factors of 2022916348?
2, 505729087
List the prime factors of 1584123629.
11, 10607, 13577
List the prime factors of 3022138991.
967, 1019, 3067
List the prime factors of 2810718929.
6323, 444523
What are the prime factors of 89976852?
2, 3, 7, 17, 7001
What are the prime factors of 225698473?
7, 11, 13, 19, 11867
What are the prime factors of 191752559?
863, 222193
List the prime factors of 118643884.
2, 17, 109, 16007
List the prime factors of 32437186.
2, 631, 25703
What are the prime factors of 3264561744?
2, 3, 68011703
List the prime factors of 26693449.
31, 861079
What are the prime factors of 1795320982?
2, 7, 13, 19, 23, 22573
What are the prime factors of 405258259?
7, 73, 793069
List the prime factors of 232138285.
5, 46427657
List the prime factors of 101912364.
2, 3, 107, 8819
What are the prime factors of 124431684?
2, 3, 13, 19, 41981
List the prime factors of 98510468.
2, 7, 3518231
What are the prime factors of 64205616?
2, 3, 1337617
What are the prime factors of 210424912?
2, 17, 787, 983
What are the prime factors of 420525066?
2, 3, 13, 229, 1811
List the prime factors of 1162765002.
2, 3, 7, 19, 41, 5077
What are the prime factors of 4439388591?
3, 11, 107, 419087
List the prime factors of 98892849.
3, 11, 379, 7907
What are the prime factors of 5834689338?
2, 3, 20089, 48407
What are the prime factors of 208972438?
2, 1061, 98479
List the prime factors of 38878166.
2, 19439083
List the prime factors of 1208765447.
61, 19815827
List the prime factors of 1808736449.
13, 139133573
What are the prime factors of 500936919?
3, 7, 19, 197, 6373
What are the prime factors of 796474464?
2, 3, 773, 10733
What are the prime factors of 96315583?
7, 13, 29, 36497
What are the prime factors of 2749694319?
3, 71, 4303121
What are the prime factors of 11581519?
1823, 6353
What are the prime factors of 39453993?
3, 23, 63533
What are the prime factors of 6452133016?
2, 7, 16459523
What are the prime factors of 13892591?
19, 731189
What are the prime factors of 1769780851?
223, 347, 22871
What are the prime factors of 1272875167?
1663, 765409
List the prime factors of 894893588.
2, 223723397
What are the prime factors of 47509256?
2, 229, 25933
What are the prime factors of 2791019473?
11, 331, 766553
List the prime factors of 75634883.
75634883
What are the prime factors of 326416205?
5, 31, 2105911
What are the prime factors of 1062173764?
2, 23, 11545367
List the prime factors of 13585108.
2, 17, 29, 83
List the prime factors of 4925915224.
2, 19, 43, 753659
What are the prime factors of 36363174?
2, 3, 113, 53633
What are the prime factors of 145465372?
2, 13, 2797411
List the prime factors of 692369895.
3, 5, 7, 2543, 2593
What are the prime factors of 504009250?
2, 5, 157, 12841
List the prime factors of 62299265.
5, 7, 761, 2339
List the prime factors of 244474184.
2, 31, 985783
List the prime factors of 121567159.
7, 29, 598853
What are the prime factors of 1510086907?
7, 215726701
List the prime factors of 106452901.
23, 149, 31063
What are the prime factors of 779102273?
779102273
List the prime factors of 111291435.
3, 5, 17, 71, 683
What are the prime factors of 26123757?
3, 11, 791629
List the prime factors of 80897837.
6793, 11909
List the prime factors of 4245325252.
2, 7, 151618759
What are the prime factors of 352162094?
2, 179, 311, 3163
What are the prime factors of 80175011?
7, 11453573
What are the prime factors of 6267699729?
3, 25793003
What are the prime factors of 88834138?
2, 73, 229, 2657
List the prime factors of 129986332.
2, 7, 857, 5417
List the prime factors of 47614986.
2, 3, 503, 1753
What are the prime factors of 1326745116?
2, 3, 12284677
List the prime factors of 3969902792.
2, 59, 8410811
List the prime factors of 35082422.
2, 17541211
List the prime factors of 497919125.
5, 11, 29, 12487
What are the prime factors of 3930275552?
2, 7, 19, 923467
List the prime factors of 276657238.
2, 11, 13, 967333
What are the prime factors of 2449309280?
2, 5, 11, 1391653
List the prime factors of 129389742.
2, 3, 571, 12589
List the prime factors of 242440064.
2, 1894063
List the prime factors of 4689798629.
4689798629
What are the prime factors of 1025272767?
3, 311, 359, 3061
What are the prime factors of 598962745?
5, 19, 71, 88801
List the prime factors of 528520196.
2, 132130049
List the prime factors of 2553198373.
11, 21100813
List the prime factors of 123129189.
3, 23, 594827
What are the prime factors of 296303296?
2, 23, 101, 1993
What are the prime factors of 178557